. Suppose -5*f = -2*f + u*h, -3*f - 3*h - q = 0. What are the prime factors of f?
2
Suppose 16*d - 8677 + 1269 = 0. What are the prime factors of d?
463
Suppose -46 = -3*v + 161. List the prime factors of v.
3, 23
Let c be 6 - 4/8*-2. Let l be ((-7)/c)/(0 - 1). What are the prime factors of (-8)/(27/(-21) + l)?
2, 7
Let d(w) = w**2 + w - 6. Let f be d(2). Suppose -8*s + 728 + 672 = f. List the prime factors of s.
5, 7
Suppose 4 = 4*m - 0. Let f be (m/(-3) + 0)*-6. Suppose f*j - 3*o - 26 = 24, 2*j - 50 = 5*o. List the prime factors of j.
5
Let w = -329 - -917. What are the prime factors of w?
2, 3, 7
Suppose d = -3*d + 5*l - 17, 0 = -4*d - l + 13. Suppose -d*q + 3*h = 2*q - 895, -5*q - h = -1133. What are the prime factors of q?
2, 113
Let o(q) = -q**3 + 17*q**2 + q - 12. Let n be o(17). Suppose -n*k = 2*m - 4*m - 104, 0 = 4*m + 8. What are the prime factors of k?
2, 5
Suppose 5*f + 17*x - 19*x = 2979, -601 = -f + 3*x. List the prime factors of f.
5, 7, 17
Let m(d) = 39*d**2 + 4*d - 6. What are the prime factors of m(4)?
2, 317
Let v(w) = -w**2 + w. Let y be v(-1). Let m(j) be the second derivative of -5*j**3/3 + 3*j**2/2 - 3*j. What are the prime factors of m(y)?
23
Let c = 69 + -69. Suppose 5*k - 156 - 249 = c. List the prime factors of k.
3
Let j = -62 + 60. What are the prime factors of (-2 + 0 + -196)/j?
3, 11
Suppose -4*o + 3 = -5. Suppose -4*x - 18 = o*h, 2*h - x + 0 = 2. What are the prime factors of h*1*150/(-5)?
2, 3, 5
Suppose -4*i - 2*v = -74, 0 = 5*i + 2*v - 0*v - 95. Suppose -3*d - 5*q = -i, 3*d - 10 = 4*q + 11. What are the prime factors of d?
7
Let l(o) = 13*o + 7. Let n(b) = -b**2 + 40*b + 20. Let k(a) = -7*l(a) + 2*n(a). Let i be k(-9). Let g = 101 + i. What are the prime factors of g?
29
Let c(x) = -x - 3. Let l be c(-5). Suppose -l*g = -4*u - 8, 4*u + 50 = -2*g - 3*g. What are the prime factors of g/12*62/(-1)?
31
Let z(r) = -r**3 - 9*r**2 + 11*r + 14. Let i be z(-10). List the prime factors of (98/i)/(-7)*-14.
7
Let y be (-18)/12 + 13/2. Suppose -12 - 3 = -y*p. What are the prime factors of p/2 + (-62)/(-4)?
17
What are the prime factors of 11*61 - ((-64)/8 - -14)?
5, 7, 19
Let s = -429 + 882. List the prime factors of s.
3, 151
Suppose -3*l + 4*x = 4, -5*l + 0*l - 16 = -2*x. Let j be ((-24)/l)/((-2)/17). Let o = 73 + j. What are the prime factors of o?
2, 11
Let k = 23 - 23. Let r(t) = 0 - t + k + 40*t**2. List the prime factors of r(1).
3, 13
Let c(t) = 16*t**2 - t. Let b be c(1). Let r(g) = 5*g + b*g**2 - 4*g - g. List the prime factors of r(-1).
3, 5
Suppose 16*s - 250 = 3750. What are the prime factors of s?
2, 5
Let h(k) = -2256*k + 61. List the prime factors of h(-1).
7, 331
Suppose 4*n = -3*x + 3747, -3*x - x + 4685 = 5*n. Suppose 5*i - n = -4*q - 89, 5*i - 3*q = 872. List the prime factors of i.
2, 43
Let l(w) = w**2 - 12*w + 15. Suppose -2 = -q + 10. List the prime factors of l(q).
3, 5
Suppose -3*c - 3 - 6 = 0, 0 = 3*x + 4*c - 339. List the prime factors of x.
3, 13
Let p(h) = 9*h**2 + 3*h + 2. Let o be p(-4). Let l = o - 49. What are the prime factors of l?
5, 17
Suppose 0 = -8*f + 207 + 697. List the prime factors of f.
113
Let y = 2598 - 1431. List the prime factors of y.
3, 389
Let u(h) = -165*h**2 + 2*h - 8. Let q be u(2). What are the prime factors of (9/18)/((-2)/q)?
2, 83
Let w = 10 + -3. Let q(d) = 2*d + 25. List the prime factors of q(w).
3, 13
Let w(d) = -41*d**2 + 7*d - 27 - d + 22*d**2 + 21*d**2. List the prime factors of w(8).
149
What are the prime factors of ((-6)/(-5))/(258/244240)?
2, 71
Let b = -9 + 15. Let w(u) = 4*u**2 + u + 8. Let i(l) = 4*l**2 + l + 9. Let n(o) = b*w(o) - 5*i(o). What are the prime factors of n(-4)?
3, 7
Let b(r) = -2*r**3 + 21*r**2 + 3*r - 19. Let d(z) = z**3 - 10*z**2 - 2*z + 10. Let t(w) = -3*b(w) - 5*d(w). List the prime factors of t(13).
2, 5
Let i = -270 + 433. What are the prime factors of i?
163
Let q be 9/7 - 18/63 - -2. Suppose q*z - 2*s = 471, -4*s = 6*z - z - 807. What are the prime factors of z?
3, 53
Suppose 5*d - 13 = -8*d. List the prime factors of (-64)/96 - (d - 386/3).
127
Let k(h) be the third derivative of h**6/20 + h**5/60 - 26*h**2. Let c = -4 + 5. List the prime factors of k(c).
7
Let l = 37 + -35. Suppose -2*q + b = -175, l*b + 0*b - 424 = -5*q. What are the prime factors of q?
2, 43
Let p be 5/(-20) + 50/8. Let i be (-56)/(-10) - p/10. Let x = 1 + i. What are the prime factors of x?
2, 3
Suppose -1 = p - 7. Let c = 102 + -99. What are the prime factors of (112 - -6)*c/p?
59
Let a be 8*(-6)/(1 + -4). Let l = -7 + a. Let g(v) = 5*v. List the prime factors of g(l).
3, 5
What are the prime factors of (-272)/(-476) - (-1 - 6191/7)?
2, 443
Let y be (-1)/((-5)/(-4) - 1). Let x(z) = -2*z - 7. Let i be x(y). Let f(h) = 23*h**2 + 2*h - 1. List the prime factors of f(i).
2, 3
Let l be (-255)/(-18) - (-1)/(-6). Let g = l + -8. List the prime factors of ((-2)/g)/((-7)/42).
2
Let i(z) = z**2 + 1. Let w(t) = 5*t**2 + 5*t - 13. Let x(r) = 5*i(r) + w(r). List the prime factors of x(2).
2, 3, 7
Let y be 0 - 1 - 2 - -5. Let f(t) = 42*t - 1. What are the prime factors of f(y)?
83
Let q(g) = g**2 - 33. Let d be q(19). Suppose 5*k - 78 = -w + 2*k, 4*w - 4*k = d. List the prime factors of w.
3
Let h be 1*-1*(-12 - -12). Suppose -23 = -4*o + 5*c, 20 = 4*o - h*o - 4*c. List the prime factors of o.
2
Suppose 4 = 9*z - 14. Suppose -42 = -z*k + 74. List the prime factors of k.
2, 29
Let x be ((-14)/4)/(-7)*0. Suppose 8*k - 11*k - 9 = x. What are the prime factors of ((-8)/k)/(4/102)?
2, 17
Let p = -489 - -1432. Suppose 5*a = -98 + p. What are the prime factors of a?
13
List the prime factors of -2 - (-4 + 4) - (-3 + -211).
2, 53
Let k = -86 + 72. List the prime factors of 2 + (-3044)/(-28) + (-4)/k.
3, 37
Suppose 14*k - 875 = 1239. What are the prime factors of k?
151
Suppose 12*r - 10278 = 1554. List the prime factors of r.
2, 17, 29
Suppose 0 = -3*r + 26 + 4. Suppose 0*x - 4*x - 7 = q, -q = 5*x + r. What are the prime factors of q?
5
Suppose 3 = 4*m - m - 3*x, 0 = -3*x + 9. Suppose -m*z - 94 = -2*z. List the prime factors of z/(-4) + 13/52.
2, 3
Let r be ((-27)/(-12))/(6/96). Suppose -l - q - 103 = 0, -2*l - 52 = q + 150. What are the prime factors of (r/27)/((-2)/l)?
2, 3, 11
Suppose x = -2*m - 0*x + 118, -199 = -3*m + 4*x. Let c be (-1)/(3/(-273) - 0). Let y = c - m. What are the prime factors of y?
2, 3, 5
Let i = 89 - 89. Suppose -6*s + 2732 - 860 = i. List the prime factors of s.
2, 3, 13
Let t = 653 + 458. What are the prime factors of t?
11, 101
Suppose -78*n = -79*n + 370. What are the prime factors of n?
2, 5, 37
Let d be (-16)/(-8) + (-8)/1. Let b(x) = -8*x + 5. Let t be b(d). Let g = t - 29. List the prime factors of g.
2, 3
Suppose -4*c = c - 10. Suppose c = -2*z + 6. List the prime factors of z.
2
Let b = 7 + 1. Suppose -9*l + b*l = 0. Suppose 0 = -5*k + 4*k - 2*q + 25, 4*k - q - 55 = l. What are the prime factors of k?
3, 5
What are the prime factors of (135/(-36))/(((-5)/(-8))/(-5))?
2, 3, 5
Suppose -1523 + 10033 = 10*i. What are the prime factors of i?
23, 37
List the prime factors of 544 + 6 + 20/(-10).
2, 137
Let h be (-171)/(-15) - (-10)/(-25). Suppose 15*r - 672 = h*r. Suppose -26 = -c - 5*j + 30, 2*j + r = 3*c. What are the prime factors of c?
2, 7
Let o = 186 - 126. Let r = o - 30. List the prime factors of r.
2, 3, 5
Let k = 98 - 60. What are the prime factors of k?
2, 19
Suppose 1129 = q - 107. List the prime factors of q.
2, 3, 103
Let o = -824 + 1308. What are the prime factors of o?
2, 11
Let l(i) be the second derivative of -293*i**5/20 - i**4/12 + i**3/2 + 3*i**2/2 + i - 16. What are the prime factors of l(-1)?
2, 73
Let p(k) = k**2 - 4*k - 3. Let b(r) = r**2 - r - 2. Let z be b(0). Let l be p(z). Let w(f) = f - 2. What are the prime factors of w(l)?
7
Suppose 2 = -2*t + 6. Suppose 0 = -j + t*j - 38. List the prime factors of j.
2, 19
Suppose -3*r - 75 = 2*r. Let p(h) = -h**3 - 14*h**2 + 14*h + 16. Let f be p(r). Suppose -f = 3*m + 3*q - 79, -4*m - 5*q = -61. What are the prime factors of m?
19
Let f(x) = -3*x**3 + 8*x**2 - x - 15. Let g(j) = -4*j**3 + 7*j**2 - j - 14. Let a(z) = 3*f(z) - 2*g(z). What are the prime factors of a(9)?
5, 11
Suppose 5*l - 2*l = -600. Let t = l - -371. What are the prime factors of t?
3, 19
Let t = -2710 + 4786.